{"id":6247,"date":"2025-01-05T18:16:52","date_gmt":"2025-01-05T18:16:52","guid":{"rendered":"https:\/\/conagopareazuay.gob.ec\/w30\/?page_id=6247"},"modified":"2026-04-10T19:34:05","modified_gmt":"2026-04-10T19:34:05","slug":"rendicion-de-cuentas-2025","status":"publish","type":"page","link":"https:\/\/conagopareazuay.gob.ec\/w30\/rendicion-de-cuentas-2025\/","title":{"rendered":"Rendici\u00f3n de Cuentas 2025"},"content":{"rendered":"<div style=\"padding-bottom:20px; padding-top:10px;\" class=\"hupso-share-buttons\"><!-- Hupso Share Buttons - https:\/\/www.hupso.com\/share\/ --><a class=\"hupso_counters\" href=\"https:\/\/www.hupso.com\/share\/\"><img decoding=\"async\" src=\"https:\/\/static.hupso.com\/share\/buttons\/lang\/es\/share-small.png\" style=\"border:0px; padding-top:2px; float:left;\" alt=\"Share Button\"\/><\/a><script type=\"text\/javascript\">var hupso_services_c=new Array(\"twitter\",\"facebook_like\",\"facebook_send\");var hupso_counters_lang = \"es_LA\";var hupso_image_folder_url = \"\";var hupso_url_c=\"\";var hupso_title_c=\"Rendici%C3%B3n%20de%20Cuentas%202025\";<\/script><script type=\"text\/javascript\" src=\"https:\/\/static.hupso.com\/share\/js\/counters.js\"><\/script><!-- Hupso Share Buttons --><\/div>[vc_row][vc_column][vc_empty_space][\/vc_column][\/vc_row][vc_row][vc_column][vc_column_text]\n<p><img decoding=\"async\" class=\"size-medium wp-image-6560 aligncenter\" src=\"https:\/\/conagopareazuay.gob.ec\/w30\/wp-content\/uploads\/2026\/03\/Logo-RC-2025-300x164.png\" alt=\"\" width=\"300\" height=\"164\" srcset=\"https:\/\/conagopareazuay.gob.ec\/w30\/wp-content\/uploads\/2026\/03\/Logo-RC-2025-300x164.png 300w, https:\/\/conagopareazuay.gob.ec\/w30\/wp-content\/uploads\/2026\/03\/Logo-RC-2025-1024x559.png 1024w, https:\/\/conagopareazuay.gob.ec\/w30\/wp-content\/uploads\/2026\/03\/Logo-RC-2025-768x419.png 768w, https:\/\/conagopareazuay.gob.ec\/w30\/wp-content\/uploads\/2026\/03\/Logo-RC-2025-1536x838.png 1536w, https:\/\/conagopareazuay.gob.ec\/w30\/wp-content\/uploads\/2026\/03\/Logo-RC-2025-2048x1117.png 2048w\" sizes=\"(max-width: 300px) 100vw, 300px\" \/><\/p>\n[\/vc_column_text][\/vc_column][\/vc_row][vc_row][vc_column width=\u00bb1\/4&#8243;][vc_column_text]\n<p style=\"text-align: center;\"><strong>Enero-Marzo<\/strong><\/p>\n<h3 style=\"text-align: center;\"><span style=\"color: #003366;\"><strong><span style=\"text-decoration: underline;\">FASE 1<\/span><\/strong><\/span><\/h3>\n<p style=\"text-align: center;\"><strong>Planificaci\u00f3n y Facilitaci\u00f3n del Proceso.<\/strong><\/p>\n<h3 style=\"text-align: center;\">Organizaci\u00f3n del proceso<\/h3>\n<ul>\n<li><strong><span style=\"color: #00ccff;\"><a style=\"color: #00ccff;\" href=\"https:\/\/conagopareazuay.gob.ec\/w30\/wp-content\/uploads\/2026\/03\/1-Memo-009-2026-signed.pdf\">Delegaci\u00f3n para proceso de Rendici\u00f3n de Cuentas 2025\u00a0<\/a><\/span><\/strong><\/li>\n<li><strong><span style=\"color: #00ccff;\"><a style=\"color: #00ccff;\" href=\"https:\/\/conagopareazuay.gob.ec\/w30\/wp-content\/uploads\/2026\/03\/2-MEMO-001-RENDICION-2025-GS-2026-signed.pdf\">Integraci\u00f3n del equipo de Rendici\u00f3n de Cuentas\u00a0<\/a><\/span><\/strong><\/li>\n<li><strong><span style=\"color: #00ccff;\"><a style=\"color: #00ccff;\" href=\"https:\/\/conagopareazuay.gob.ec\/w30\/wp-content\/uploads\/2026\/03\/3-MEMO-002-RENDICION-2025-GS-2026-reunion-signed.pdf\">Elaboraci\u00f3n de propuesta de Rendici\u00f3n de Cuentas<\/a><\/span><\/strong><\/li>\n<li><strong><span style=\"color: #00ccff;\"><a style=\"color: #00ccff;\" href=\"https:\/\/conagopareazuay.gob.ec\/w30\/wp-content\/uploads\/2026\/03\/4-MEMO-003-RENDICION-2025-GS-2026-reunion-signed.pdf\">Cronograma del proceso de Rendici\u00f3n de Cuentas 2025\u00a0<\/a><\/span><\/strong><\/li>\n<li><span style=\"color: #00ccff;\"><strong><a style=\"color: #00ccff;\" href=\"https:\/\/conagopareazuay.gob.ec\/w30\/wp-content\/uploads\/2026\/04\/Consulta-Ciudadana-RDC-2025-respuestas-1.xlsx\">Listado de temas sugeridos por la ciudadan\u00eda\u00a0<\/a><\/strong><\/span><\/li>\n<\/ul>\n<p>&nbsp;<\/p>\n[\/vc_column_text][\/vc_column][vc_column width=\u00bb1\/4&#8243;][vc_column_text]\n<p style=\"text-align: center;\"><strong>Marzo-Abril<\/strong><\/p>\n<h3 style=\"text-align: center;\"><span style=\"text-decoration: underline;\">Fase 2<\/span><\/h3>\n<p style=\"text-align: center;\"><strong>Planificaci\u00f3n y Facilitaci\u00f3n del Proceso.<\/strong><\/p>\n<ul>\n<li><strong><span style=\"color: #00ccff;\"><a style=\"color: #00ccff;\" href=\"https:\/\/conagopareazuay.gob.ec\/w30\/wp-content\/uploads\/2026\/03\/ACTA-RENDICION-2025-GS-2026-acta-signed.pdf\">Evaluci\u00f3n de la gesti\u00f3n institucional<\/a><\/span><\/strong><\/li>\n<li><strong><span style=\"color: #00ccff;\"><a style=\"color: #00ccff;\" href=\"https:\/\/conagopareazuay.gob.ec\/w30\/wp-content\/uploads\/2026\/03\/Formulario-rendicion-de-Cuentas-CONAGOPARE-Azuay-2026.xlsx\">Formulario preliminar de Rendici\u00f3n de Cuentas<\/a><\/span><\/strong><\/li>\n<li><a href=\"https:\/\/conagopareazuay.gob.ec\/w30\/wp-content\/uploads\/2026\/03\/Aprobacion-Rendicion-de-Cuentas-enero-diciembre-2025-1.pdf\"><strong><span style=\"color: #00ccff;\">Informe narrativo<\/span><\/strong><\/a><\/li>\n<li><span style=\"color: #00ccff;\"><strong><a style=\"color: #00ccff;\" href=\"https:\/\/conagopareazuay.gob.ec\/w30\/wp-content\/uploads\/2026\/04\/Memo-021-2026-signed.pdf\">Aprobaci\u00f3n del informe por la m\u00e1xima autoridad<\/a><\/strong><\/span><\/li>\n<li><strong><span style=\"color: #00ccff;\"><a style=\"color: #00ccff;\" href=\"https:\/\/youtu.be\/6Bv3gPm8ik0?si=vuxlZsc0jeOPSFbT\">Deliberaci\u00f3n p\u00fablica<\/a><\/span><\/strong><\/li>\n<\/ul>\n[\/vc_column_text][\/vc_column][vc_column width=\u00bb1\/4&#8243;][vc_column_text]\n<p style=\"text-align: center;\"><strong>Mayo<\/strong><\/p>\n<h3 style=\"text-align: center;\"><span style=\"text-decoration: underline;\">Fase 3<\/span><\/h3>\n<p style=\"text-align: center;\"><strong>Planificaci\u00f3n y Facilitaci\u00f3n del Proceso.<\/strong><\/p>\n<ul>\n<li>Organizaci\u00f3n del proceso<\/li>\n<li>Consulta a la ciudadan\u00eda<\/li>\n<\/ul>\n[\/vc_column_text][\/vc_column][vc_column width=\u00bb1\/4&#8243;][vc_column_text]\n<p style=\"text-align: center;\"><strong>Junio<\/strong><\/p>\n<h3 style=\"text-align: center;\"><span style=\"text-decoration: underline;\">Fase 4<\/span><\/h3>\n<p style=\"text-align: center;\"><strong>Planificaci\u00f3n y Facilitaci\u00f3n del Proceso.<\/strong><\/p>\n<ul>\n<li>Organizaci\u00f3n del proceso<\/li>\n<li>Consulta a la ciudadan\u00eda<\/li>\n<\/ul>\n[\/vc_column_text][\/vc_column][\/vc_row]\n","protected":false},"excerpt":{"rendered":"<div style=\"padding-bottom:20px; padding-top:10px;\" class=\"hupso-share-buttons\"><!-- Hupso Share Buttons - https:\/\/www.hupso.com\/share\/ --><a class=\"hupso_counters\" href=\"https:\/\/www.hupso.com\/share\/\"><img src=\"https:\/\/static.hupso.com\/share\/buttons\/lang\/es\/share-small.png\" style=\"border:0px; padding-top:2px; float:left;\" alt=\"Share Button\"\/><\/a><script type=\"text\/javascript\">var hupso_services_c=new Array(\"twitter\",\"facebook_like\",\"facebook_send\");var hupso_counters_lang = \"es_LA\";var hupso_image_folder_url = \"\";var hupso_url_c=\"\";var hupso_title_c=\"Rendici%C3%B3n%20de%20Cuentas%202025\";<\/script><script type=\"text\/javascript\" src=\"https:\/\/static.hupso.com\/share\/js\/counters.js\"><\/script><!-- Hupso Share Buttons --><\/div><p>[vc_row][vc_column][vc_empty_space][\/vc_column][\/vc_row][vc_row][vc_column][vc_column_text] [\/vc_column_text][\/vc_column][\/vc_row][vc_row][vc_column width=\u00bb1\/4&#8243;][vc_column_text] Enero-Marzo FASE 1 Planificaci\u00f3n y Facilitaci\u00f3n del Proceso. Organizaci\u00f3n del proceso Delegaci\u00f3n para proceso de Rendici\u00f3n de Cuentas 2025\u00a0 Integraci\u00f3n del equipo de Rendici\u00f3n de Cuentas\u00a0 Elaboraci\u00f3n de propuesta de Rendici\u00f3n de Cuentas Cronograma del proceso de Rendici\u00f3n de Cuentas 2025\u00a0 Listado de temas sugeridos por la ciudadan\u00eda\u00a0 &nbsp; [\/vc_column_text][\/vc_column][vc_column width=\u00bb1\/4&#8243;][vc_column_text] Marzo-Abril [&hellip;]<\/p>\n","protected":false},"author":1,"featured_media":0,"parent":0,"menu_order":0,"comment_status":"closed","ping_status":"closed","template":"elementor_header_footer","meta":{"footnotes":""},"class_list":["post-6247","page","type-page","status-publish","hentry","entry"],"_links":{"self":[{"href":"https:\/\/conagopareazuay.gob.ec\/w30\/wp-json\/wp\/v2\/pages\/6247","targetHints":{"allow":["GET"]}}],"collection":[{"href":"https:\/\/conagopareazuay.gob.ec\/w30\/wp-json\/wp\/v2\/pages"}],"about":[{"href":"https:\/\/conagopareazuay.gob.ec\/w30\/wp-json\/wp\/v2\/types\/page"}],"author":[{"embeddable":true,"href":"https:\/\/conagopareazuay.gob.ec\/w30\/wp-json\/wp\/v2\/users\/1"}],"replies":[{"embeddable":true,"href":"https:\/\/conagopareazuay.gob.ec\/w30\/wp-json\/wp\/v2\/comments?post=6247"}],"version-history":[{"count":33,"href":"https:\/\/conagopareazuay.gob.ec\/w30\/wp-json\/wp\/v2\/pages\/6247\/revisions"}],"predecessor-version":[{"id":6657,"href":"https:\/\/conagopareazuay.gob.ec\/w30\/wp-json\/wp\/v2\/pages\/6247\/revisions\/6657"}],"wp:attachment":[{"href":"https:\/\/conagopareazuay.gob.ec\/w30\/wp-json\/wp\/v2\/media?parent=6247"}],"curies":[{"name":"wp","href":"https:\/\/api.w.org\/{rel}","templated":true}]}}