{"id":888,"date":"2017-02-01T13:10:58","date_gmt":"2017-02-01T13:10:58","guid":{"rendered":"http:\/\/conagopareazuay.gob.ec\/w30\/?page_id=888"},"modified":"2018-05-04T21:52:10","modified_gmt":"2018-05-04T21:52:10","slug":"rendicion-de-cuentas-2017","status":"publish","type":"page","link":"https:\/\/conagopareazuay.gob.ec\/w30\/rendicion-de-cuentas-2017\/","title":{"rendered":"Rendici\u00f3n de Cuentas 2017"},"content":{"rendered":"<div style=\"padding-bottom:20px; padding-top:10px;\" class=\"hupso-share-buttons\"><!-- Hupso Share Buttons - https:\/\/www.hupso.com\/share\/ --><a class=\"hupso_counters\" href=\"https:\/\/www.hupso.com\/share\/\"><img decoding=\"async\" src=\"https:\/\/static.hupso.com\/share\/buttons\/lang\/es\/share-small.png\" style=\"border:0px; padding-top:2px; float:left;\" alt=\"Share Button\"\/><\/a><script type=\"text\/javascript\">var hupso_services_c=new Array(\"twitter\",\"facebook_like\",\"facebook_send\");var hupso_counters_lang = \"es_LA\";var hupso_image_folder_url = \"\";var hupso_url_c=\"\";var hupso_title_c=\"Rendici%C3%B3n%20de%20Cuentas%202017\";<\/script><script type=\"text\/javascript\" src=\"https:\/\/static.hupso.com\/share\/js\/counters.js\"><\/script><!-- Hupso Share Buttons --><\/div><p><a href=\"http:\/\/conagopareazuay.gob.ec\/w30\/wp-content\/uploads\/2017\/02\/Instancias-de-Participaci\u00f3n.pdf\">Instancias de Participaci\u00f3n<\/a><\/p>\n<p><a href=\"http:\/\/conagopareazuay.gob.ec\/w30\/wp-content\/uploads\/2017\/02\/Conformaci\u00f3n-equipo-rendici\u00f3n-cuentas.pdf\">Conformaci\u00f3n equipo rendici\u00f3n cuentas<\/a><\/p>\n<p><a href=\"http:\/\/conagopareazuay.gob.ec\/w30\/wp-content\/uploads\/2017\/02\/Convocatoria_Dise\u00f1o-de-la-Propuesta.pdf\">Convocatoria_Dise\u00f1o de la Propuesta<\/a><\/p>\n<p><a href=\"http:\/\/conagopareazuay.gob.ec\/w30\/wp-content\/uploads\/2017\/02\/Convocatoria_Planificaci\u00f3n-Eventos-Participativos001.pdf\">Convocatoria_Planificaci\u00f3n Eventos Participativos001<\/a><\/p>\n<p><a href=\"http:\/\/conagopareazuay.gob.ec\/w30\/wp-content\/uploads\/2017\/02\/Convocatoria_Socializaci\u00f3n-Interna.pdf\">Convocatoria_Socializaci\u00f3n Interna<\/a><\/p>\n<p><a href=\"http:\/\/conagopareazuay.gob.ec\/w30\/wp-content\/uploads\/2017\/02\/Aportes-ciudadanos_Plan-de-Acci\u00f3n-2018.pdf\">Aportes ciudadanos_Plan de Acci\u00f3n 2018<\/a><\/p>\n<p><a href=\"http:\/\/conagopareazuay.gob.ec\/w30\/wp-content\/uploads\/2017\/02\/Formulario-RC-2017.pdf\">Formulario RC 2017<\/a><\/p>\n","protected":false},"excerpt":{"rendered":"<div style=\"padding-bottom:20px; padding-top:10px;\" class=\"hupso-share-buttons\"><!-- Hupso Share Buttons - https:\/\/www.hupso.com\/share\/ --><a class=\"hupso_counters\" href=\"https:\/\/www.hupso.com\/share\/\"><img src=\"https:\/\/static.hupso.com\/share\/buttons\/lang\/es\/share-small.png\" style=\"border:0px; padding-top:2px; float:left;\" alt=\"Share Button\"\/><\/a><script type=\"text\/javascript\">var hupso_services_c=new Array(\"twitter\",\"facebook_like\",\"facebook_send\");var hupso_counters_lang = \"es_LA\";var hupso_image_folder_url = \"\";var hupso_url_c=\"\";var hupso_title_c=\"Rendici%C3%B3n%20de%20Cuentas%202017\";<\/script><script type=\"text\/javascript\" src=\"https:\/\/static.hupso.com\/share\/js\/counters.js\"><\/script><!-- Hupso Share Buttons --><\/div><p>Instancias de Participaci\u00f3n Conformaci\u00f3n equipo rendici\u00f3n cuentas Convocatoria_Dise\u00f1o de la Propuesta Convocatoria_Planificaci\u00f3n Eventos Participativos001 Convocatoria_Socializaci\u00f3n Interna Aportes ciudadanos_Plan de Acci\u00f3n 2018 Formulario RC 2017<\/p>\n","protected":false},"author":1,"featured_media":0,"parent":0,"menu_order":0,"comment_status":"closed","ping_status":"closed","template":"","meta":{"footnotes":""},"class_list":["post-888","page","type-page","status-publish","hentry","entry"],"_links":{"self":[{"href":"https:\/\/conagopareazuay.gob.ec\/w30\/wp-json\/wp\/v2\/pages\/888","targetHints":{"allow":["GET"]}}],"collection":[{"href":"https:\/\/conagopareazuay.gob.ec\/w30\/wp-json\/wp\/v2\/pages"}],"about":[{"href":"https:\/\/conagopareazuay.gob.ec\/w30\/wp-json\/wp\/v2\/types\/page"}],"author":[{"embeddable":true,"href":"https:\/\/conagopareazuay.gob.ec\/w30\/wp-json\/wp\/v2\/users\/1"}],"replies":[{"embeddable":true,"href":"https:\/\/conagopareazuay.gob.ec\/w30\/wp-json\/wp\/v2\/comments?post=888"}],"version-history":[{"count":4,"href":"https:\/\/conagopareazuay.gob.ec\/w30\/wp-json\/wp\/v2\/pages\/888\/revisions"}],"predecessor-version":[{"id":2068,"href":"https:\/\/conagopareazuay.gob.ec\/w30\/wp-json\/wp\/v2\/pages\/888\/revisions\/2068"}],"wp:attachment":[{"href":"https:\/\/conagopareazuay.gob.ec\/w30\/wp-json\/wp\/v2\/media?parent=888"}],"curies":[{"name":"wp","href":"https:\/\/api.w.org\/{rel}","templated":true}]}}